 3*o + 3*q. Let k(r) = -3*r**2 + 0*r**3 + r**3 + r**o - 2 + 0*r**b. Determine k(2).
-2
Let x(b) = -b**3 - 17*b**2 - b - 18. Let v be x(-17). Let z(h) = 7*h**2 + 1. Let c(j) = j - 1. Let o(p) = c(p) + z(p). Calculate o(v).
6
Let j(s) be the third derivative of s**4/24 + s**3/2 + 2*s**2. Let l be j(0). Let n(x) = 3*x - 3*x + 1 - x. Determine n(l).
-2
Let t(l) be the second derivative of 4*l - 5/12*l**4 + 0*l**3 + 0 + 1/2*l**2. Let u be (-6)/9 + 1/(-3). Give t(u).
-4
Suppose 3 = j + 2. Let f(v) = -5*v**2. Determine f(j).
-5
Suppose -p = -3*p + 4. Suppose 4 = 8*h - 3*h + q, 0 = 5*h + p*q - 8. Let b(k) = -1 - k + h*k + 1 - 2. Give b(-4).
2
Let f(a) = -a - 2. Let k(m) = 2*m + 4. Let g(z) = z**3 - 5*z**2 + z + 3. Let n be g(4). Let o(r) = n*f(r) - 4*k(r). Give o(-4).
-2
Let g be (-15)/6*(-12)/6. Let t(m) = -m**3 + 5*m**2 - 3. Give t(g).
-3
Suppose -5*f + 45 = 15. Let u(n) = -n + 1. Calculate u(f).
-5
Let p(c) be the first derivative of -3*c - 1 - 3/2*c**2. Suppose 7*g + 5 + 9 = 0. What is p(g)?
3
Let j(q) = 0*q + 3*q + q + 2 - q**2. Suppose 4*y - 23 = -7. What is j(y)?
2
Let d(n) = 19*n - 3. Let a(k) be the first derivative of 3*k**2 - k + 3. Let i(v) = -7*a(v) + 2*d(v). Calculate i(-1).
5
Let i be ((-3)/6)/((-1)/6). Suppose 14 = i*f - 1. Let r(c) = 0*c + 5*c**2 - 3*c + 2*c + 7 - c**3. Calculate r(f).
2
Let n(a) = -3*a + 2. Let h be 12/(-4)*(-2)/(-2). Calculate n(h).
11
Let s be 6 + -3 - (-1 + 10). Let l be -12*((-3)/s)/(-1). Let d(j) = j**3 - 5*j**2 - 4*j - 7. Calculate d(l).
5
Let x(i) = 4 - 2 + 7*i**3 - 1. Let c(w) = -2*w + 5. Let o be c(3). What is x(o)?
-6
Let d(a) = 3*a - 9. Suppose -31*w + 30 = -26*w. Calculate d(w).
9
Let a(k) = 9*k**2 + k + k - 10*k**2 - k - 1. Suppose i = -7*u + 4*u - 3, -2*i = 2*u - 2. Give a(i).
-7
Let h(l) = -6*l**2 + 0 - 2 + 1. Let b(j) be the first derivative of -j**4/4 - 2*j**3 - 2*j**2 + 4*j - 4. Let i be b(-5). Calculate h(i).
-7
Let o(p) be the second derivative of -p**3/6 - 2*p. Let n(k) = -k - 7. Suppose -3*w - 4 = 5. Let b be n(w). Calculate o(b).
4
Let l(j) = -6*j**2 - j + 1. Let h be -1 + -2 + -2 + 2 - -4. Give l(h).
-6
Let v(h) = h + 5. Suppose 0 = -4*d - 2*g - 5 + 33, 5*d = -5*g + 35. Determine v(d).
12
Let r(z) be the second derivative of z**3/6 + z**2/2 + z. Let n = 67 + -71. Calculate r(n).
-3
Suppose 7 = -2*g - 5*m, -g - 4*g - 4*m = 26. Let o(c) = -c**3 - 6*c**2 - c + 1. What is o(g)?
7
Suppose 5*f = -2*l - 8, -2*f = -3*l - 9 - 3. Let d(g) = -g**3 - g - 5. Calculate d(f).
-5
Let s(y) be the third derivative of -y**6/120 + y**5/10 - 5*y**4/24 + y**3/6 + 29*y**2. Calculate s(5).
1
Let m(p) = p**3 + p**2 - p - 2. Let c be m(0). Let r be c/(33/(-9) - -3). Let j(u) = -u**2 + 3*u - 1. What is j(r)?
-1
Let r(i) be the first derivative of i**5/20 + i**4/24 + 3*i**2 - 3. Let j(n) be the second derivative of r(n). Calculate j(2).
14
Let f(y) = -51 + 105 - 56 + 3*y. Calculate f(-2).
-8
Let t = 29/1440 - 1/288. Let n(v) be the third derivative of -v**2 + 1/24*v**4 + t*v**5 - 1/120*v**6 + 0*v - 7/6*v**3 + 0. What is n(0)?
-7
Let h(n) = -n**2 - 10*n - 5. Let c = 3 - 12. Let k be h(c). Let v be (2/k)/(2/(-20)). Let x(d) = d**3 + 6*d**2 + 5*d - 7. What is x(v)?
-7
Let m(n) = -n**2 - 4*n - 5. Let u(k) = k + 2. Let o be u(-5). Let f(a) = a**2 + 3*a + 4. Let t(l) = o*m(l) - 4*f(l). Calculate t(-2).
-5
Suppose 0 = 2*q - q - 3. Let n(b) = -q*b - 2 + 2 + 1 - 3. Give n(-3).
7
Let q(x) = -x - 5. Let b(g) = g + 4. Let y(j) = 3*b(j) + 2*q(j). Let k = 1 + 0. Let w be (-2 + 3)/(-1) - k. Give y(w).
0
Let x(g) = -g**2 + g + 5. Let v(q) = -q**2 - q - 1. Let p(u) = 2*v(u) - x(u). Let m(f) be the first derivative of p(f). Give m(-6).
9
Suppose 2*t = 3*v + 16, 1 = -2*t - 3*v + 5. Let d(j) = j**2 - 4*j - 1. Determine d(t).
4
Let i(y) = y**3 - y**2 - 23. Let j(o) = o**2 + o - 2. Let t be j(1). Calculate i(t).
-23
Suppose 18 = -8*w + 11*w. Let o(u) = -3*u + 13. Let h be o(w). Let k(r) = -2*r - 4. What is k(h)?
6
Suppose 0 = -g - 8 + 2. Let r(q) = -4*q**3 - 4*q**2 - 9*q + 2. Let w(s) = 7*s**3 + 9*s**2 + 17*s - 5. Let j(n) = 5*r(n) + 3*w(n). What is j(g)?
-5
Let z(d) be the third derivative of d**5/60 - d**4/12 + 3*d**2. Let b be z(2). Let p(f) = -f**3 - f**2 + f - 5. What is p(b)?
-5
Suppose -d = -0*d. Suppose d = -0*l + 2*l. Suppose -2*i - 14 = w, 0 = -4*w - l*w - 16. Let q(p) = -p**3 - 4*p**2 + 6*p + 1. Give q(i).
-4
Let o(p) = -p**3 + 3*p**2 + 4*p + 4. Let c be (6*-5)/(-5)*(-4)/(-6). Calculate o(c).
4
Let d(z) = -z**3 + 4*z**2 - 3*z + 3. Let y = 1 + -8. Let p = y - -9. Give d(p).
5
Let i(j) = -8*j + 1. Let z be (-7)/((-28)/16) + -3. Suppose -2*b = -z - 1. Determine i(b).
-7
Let t(f) be the second derivative of -f**5/20 - f**4/3 + 2*f**3/3 - 2*f**2 + 13*f. Determine t(-4).
-20
Let t(q) = -q**2 - 3*q. Suppose -12 = 13*p - 10*p. Calculate t(p).
-4
Let s(n) be the first derivative of -n**2/2 - 7*n - 5. Determine s(-6).
-1
Let t(o) = -5 - 4 - 7 + 11 + 2*o. Calculate t(4).
3
Suppose 6 = 2*k + 2. Suppose k*p + 2 = -4. Let m(w) be the first derivative of -w**2/2 - 5. Determine m(p).
3
Let l(b) = -4*b**2 - b + 1. Let g(n) = n**2 + 3*n - 3. Let d be g(-3). Let y be (-6)/2 - (0 + d). Suppose y*i = 5*i - 5. What is l(i)?
-4
Let l(b) be the first derivative of -b**3/3 + b**2/2 + 4*b - 11. What is l(5)?
-16
Let s be (6/3)/(-2) + -2. Let m(f) = -f. Let q(l) = l**3 + 2*l**2 + 2*l. Let w(j) = s*m(j) - q(j). Calculate w(-3).
6
Let u(v) be the first derivative of v**5/60 + v**4/24 + v**3/3 + 5. Let j(a) be the third derivative of u(a). What is j(-3)?
-5
Let q(x) = 15*x + 2. Let u be -3 + (-5)/((-5)/(-2)). Let k(v) = 7*v + 1. Let a(c) = u*k(c) + 2*q(c). Calculate a(-2).
9
Let m(u) = -4*u + 1 - 3*u + 4*u. Suppose 6*k - 4 = 4*k. Determine m(k).
-5
Let r(g) = -4*g**2 + g + 1. Let k(o) = o**3 - 9*o**2 + 7*o + 9. Let q be k(8). Let y = -2 + q. Calculate r(y).
-4
Suppose f + 3*u + 12 = 0, 0*f = 5*f - 5*u - 20. Let l(s) = -s - 4. Calculate l(f).
-4
Let q be -3 - 18/(-4 + 1). Let n(b) = -b**2 - 6 - 2*b**q + b + b**3 - 2*b. Calculate n(0).
-6
Let r(q) = q**3 + q**2 - q + 27. Suppose 0 = -2*k + 5*k - k. Calculate r(k).
27
Let f(p) = 2*p**2 - 3*p - 2. Let w(t) = t**2 - t + 1. Let x(d) = -f(d) + 3*w(d). Let k = 2 - 2. Determine x(k).
5
Let v(b) be the second derivative of -2*b**3/3 - b**2/2 + 20*b. Give v(-3).
11
Let b(z) = -z**2 + 5*z + 3. Let l be b(6). Let i(r) be the second derivative of 0 - 1/2*r**3 - 2*r**2 + r. What is i(l)?
5
Let v(p) be the third derivative of -p**4/24 - p**3/2 - p**2. Let o = 18 + -21. Let d be v(o). Let w(u) = u - 2. Calculate w(d).
-2
Let l(b) = 3*b + 3. Suppose 0 = -4*a + 36 + 64. Let j be 8/(-10)*a/10. Determine l(j).
-3
Let l be (-1)/(-1) + -4 + 14. Let k(s) = -16*s**2 - 6*s + 25. Let v(c) = 3*c**2 + c - 5. Let t(q) = l*v(q) + 2*k(q). Give t(4).
7
Let w(u) = 3*u - 2*u**2 - 6*u + 4*u + 3*u**2 + u**3. What is w(-2)?
-6
Let b be ((-6)/(-10))/(1/5). Let v be 2/b + 8/(-12). Let q(f) = -f - 6. Determine q(v).
-6
Suppose 2*n + 3*b = -4 + 1, -n - 1 = b. Let f(x) = 3*x**3 + x**2 + 0*x + x - 2*x**3 - 4 + 0*x**2. Calculate f(n).
-4
Let w(v) = -3*v**3 - 5*v**2 - v + 7. Let m(a) = a**3 + 2*a**2 - 3. Let t(d) = 5*m(d) + 2*w(d). Calculate t(-1).
2
Let w be 0 + 1 + 6 + -1. Let d(m) = m**2 - 8*m + 7. Give d(w).
-5
Let c(a) = 3*a**2 - 6*a**2 - 6*a**2. Let z(w) = -w**3 + 12*w**2 + 14*w - 8. Let u be z(13). Suppose -7*b - u = -2*b. Calculate c(b).
-9
Let l(h) = h**2 + 12*h + 1. Let t(k) = -k - 1. Let a(b) = l(b) + 2*t(b). Let p be a(-10). Let v(y) = -6*y**2 + 1. Give v(p).
-5
Let r(g) = -g - 4. Suppose 2*b = 6*b + 4*q - 12, 3*q + 9 = 0. Determine r(b).
-10
Let j(d) be the third derivative of -1/6*d**3 + 3*d**2 + 0*d + 0 + 1/24*d**4. Give j(1).
0
Let v = -1 - -4. Let t(q) = 13 + 2*q - q**3 + v*q - 6 + 1 + 5*q**2. Calculate t(6).
2
Suppose 4*x - 29 = 3*d, 0 = -3*x - 3*d - 4 + 31. Suppose x = q + 3*v, -3*q - v = -4*v. Let u(t) = 3 + 16*t - q - 7*t. What is u(1)?
10
Let x(j) = -j**3 - 4*j**2 + 5*j - 2. Suppose -2*o - 3*o - 20 = 5*n, 4*n = -o - 19. Determine x(n).
-2
Let q(j) be the first derivative of -j**5/60 + 4*j**3/3 - 3. Let g(i) be the third derivative of q(i). Calculate g(-2).
4
Let w = 3 + 0. Let o(b) = -3*b**3 + 4*b**w - 4*b**2 - 4 + 2*b - b**2. Let s(l) = l**2 + 2*l - 3. Let c be s(2). Give o(c).
6
Suppose -4 = d + 2*x, 2*d + 2*x = -x - 5. Let o b